 + 2*s**2 - 2*s - 17. Suppose -3*b - 18 = -0*b. Let g(y) = b*i(y) - 17*j(y). Determine g(-6).
-6
Suppose 11*d - 52 = 7*d. Let s = d + -6. Suppose 2*r + 3 = -s. Let g(f) = 2*f + 5. Give g(r).
-5
Let b = 145 - 140. Let m(d) = -2*d**2 + 2*d + 7. What is m(b)?
-33
Let y(n) = -153 + 162 - 8*n + 9*n. What is y(-5)?
4
Let i(d) = -52*d**3 + 14*d**2 + 17*d + 14. Let w(r) = 19*r**3 - 5*r**2 - 6*r - 5. Let x(z) = -4*i(z) - 11*w(z). Suppose -2*c + 0*c - 2 = 0. What is x(c)?
1
Let h(p) = -15 + 8 + 9 + p. Let o be h(-2). Let b(a) be the first derivative of a**2/2 + 2*a - 1. Give b(o).
2
Let q(g) = -15*g - 12. Let b(z) = 11*z + 10. Let a(d) = -6*b(d) - 5*q(d). What is a(-1)?
-9
Let p = 71 - 69. Let h(b) = b**p + 8 - 5*b**2 + 11*b**2 + b**3 + 8*b. Calculate h(-6).
-4
Let p be ((-6)/3)/((-2)/16). Let q be p - 6/(3 - 0). Let c = 10 - q. Let g(x) = -3*x - 4. Give g(c).
8
Let f be 5/2*(-54)/(-540). Let b(m) be the third derivative of -1/60*m**5 + 0*m + 5*m**2 + 0 - f*m**4 + 7/6*m**3. Calculate b(-5).
12
Let t(w) = -w + 1. Let r be t(6). Let i(m) be the third derivative of -m**5/60 - m**4/4 + m**3/6 + 716*m**2. Determine i(r).
6
Let c(d) = -5*d**2 - 7*d - 2. Let x be c(-1). Suppose 3*v + 5*s = 6*s + 11, 0 = -2*v - 3*s - 11. Let y(n) = -3*n**v + 2*n**2 - 1 - 6*n + 7*n. Calculate y(x).
-1
Let i(k) = k - 9. Suppose -11*q + 20*q = 846. Let c = q + -81. What is i(c)?
4
Suppose -4*f = -y - 22, 4*y = 3*y + 2*f - 14. Let a(b) = -3*b - 14. What is a(y)?
4
Let i(o) = -2*o**2 - 110 - 5*o + 110. Suppose -1 = x + 3. Let m(d) = -5*d**2 - 14*d - 1. Let l(s) = x*m(s) + 11*i(s). Calculate l(3).
-11
Let j(b) be the first derivative of -b**5/20 + 7*b**4/12 - 4*b**2 - 19*b - 7. Let p(r) be the first derivative of j(r). What is p(7)?
-8
Let y(j) = 3*j - 15 - 51 + 0*j + j. Determine y(15).
-6
Let c(o) = o**3 + 6*o**2 + 2. Suppose 5*d = -158 + 133. Calculate c(d).
27
Let c(g) = g**3 - g**2 + 3*g - 5. Let k be c(2). Let x be (-31)/7 + (124/28 - k). Let q(w) = w + 1. What is q(x)?
-4
Let w(r) be the first derivative of -r**4/4 + 2*r**3/3 - r**2/2 + 2*r + 427. Calculate w(3).
-10
Let w(m) = 7*m. Let l = 14 - 8. Let i be (-3)/(-2)*8/l. Suppose -q = 3 - i. Give w(q).
-7
Let j(v) be the third derivative of -v**4/8 + v**3/2 + 2*v**2 - 5. Calculate j(-3).
12
Let z(g) = -g + 4. Let s(j) = -j + 19. Let c be s(10). Suppose 0 = -4*u - 4*o - 20, u + 2*o = -0*u - c. Let y = 4 + u. Give z(y).
1
Let l be 20/(-6)*165/(-22). Suppose -l = 36*w - 41*w. Let v(f) = f**3 - 6*f**2 + 5*f - 5. Calculate v(w).
-5
Let n be (-2)/(-5) + (-2)/5. Let v(g) be the first derivative of -5*g - 1/2*g**2 - 6. Determine v(n).
-5
Let s(p) = -6*p. Let w be s(1). Let o(n) = n**2 + 5*n - 1. Determine o(w).
5
Let l(r) = -2 - 3*r + 908*r**2 + 919*r**2 + 928*r**2 - 2741*r**2. What is l(-1)?
15
Let i(o) be the first derivative of -o**2 - 139. What is i(-11)?
22
Let m(t) = t**3 + 6*t**2 + 6*t + 7. Let u = -341 + 336. Determine m(u).
2
Suppose 4*l - 6*l = o - 1, 3*o + 13 = 2*l. Suppose -3*y = -4*d - 18, -4*y - d + 2*d = -11. Let w(j) = -j - y - 3*j + 3*j + 4. Give w(l).
0
Let u(n) = 2*n**3 + n**2. Let t be 1/6 + (-369)/(-54). Let d(f) = f**3 - 6*f**2 - 6*f - 8. Let q be d(t). What is u(q)?
-1
Suppose 4*c - 2 - 6 = 0. Let j(i) = 7*i**c - 1 + 3*i - 2 - 8*i**2. What is j(5)?
-13
Let f be (6/8)/((-4)/(-16)). Let h(p) = -f + 17*p - 1 - 11*p + p**2. Suppose -4*q = q + 30. What is h(q)?
-4
Let m(o) = -11 - 23 + 27 - 13 + 2*o. Calculate m(15).
10
Let i = -47 - -46. Let n(p) = p. Let b(k) = 1. Let u(a) = i*b(a) - 3*n(a). What is u(3)?
-10
Let m(p) = -3*p + 4. Suppose 0 = -25*n + 22*n. Suppose n*y = 6*y - 30. Determine m(y).
-11
Let a = 240 - 242. Let b(o) = -o - 4. Give b(a).
-2
Let t(f) = f**3 + 2*f**2 - f - 5. Let x(j) = -6*j**2 + 30*j - 24. Let a be x(4). Calculate t(a).
-5
Let c(h) = -h**2 - 10*h - 10. Suppose -4*b = 3*g + 17, -g + 3*g + 17 = 3*b. Calculate c(g).
11
Let w(d) = -d**3 + 7*d**2 - 5*d - 4. Let a(p) = -105*p + 217. Let k be a(2). Determine w(k).
-39
Let k(s) = 44*s**2 - 3*s - 11. Let j(p) = 15*p**2 - p - 4. Let f(d) = -11*j(d) + 4*k(d). Let c = -22 + 10. Let u = c - -13. Give f(u).
10
Let t(w) be the first derivative of -18 + w + 1/2*w**2. Give t(-2).
-1
Let q be (6/10)/(1/5). Let t(d) = 3*d**2 - q - 2*d**2 + 6*d + 0*d**2. What is t(-7)?
4
Let v(i) = i**3 - 1060*i**2 - 5*i + 3 + 1063*i**2 - 3*i**3. Calculate v(2).
-11
Let t(v) = -v**2 + 36*v - 126. Let z be t(32). Let s(y) = -y**3 + 4*y**2 + y - 2. Give s(z).
8
Let j(f) = -f**3 - 6*f**2 - 1. Let c be 33/55 + 17/5. Suppose -3*k = -c*v - 6*k - 15, -3*v = -k + 21. Calculate j(v).
-1
Let u(s) = 2*s + 3. Let h(l) = 5*l**2 - 53*l + 34. Let g be h(10). Determine u(g).
11
Let j(r) = -r**2 + 20*r - 11. Let o be j(19). Let f = -4 + o. Let l(t) = -t. Let c(d) = 5*d + 2. Let p(g) = -c(g) - 6*l(g). Calculate p(f).
2
Let t = -7 + 12. Let x = -30 + 36. Let q(p) = 2*p + 4 + x - 3*p - 3. Give q(t).
2
Let o be (0*(-1)/9)/(-2). Let a(p) be the second derivative of -5*p + o + p**3 - 1/12*p**4 - 3*p**2. Calculate a(5).
-1
Let z(k) be the second derivative of -k**4/12 + 3*k**3/2 + 2*k**2 - 5*k + 22. Calculate z(5).
24
Let c(m) = 3*m + 17. Let i(q) = 2*q + 12. Let n(x) = 5*c(x) - 7*i(x). Let g = -8 - -5. Calculate n(g).
-2
Let c = -96 - -117. Let z(q) = -12 + 18*q**2 - 48*q**2 + c*q**2 + q**3 + 8*q. Calculate z(8).
-12
Let d be 3/6*28*(-1)/(-2). Let q(n) = -n + d - 2 + 2 - 1. Determine q(7).
-1
Let y(l) = -2*l + 2. Let n(b) = -b**3 - 7*b**2 + 4*b - 10. Let x(f) = f. Let h(o) = -n(o) - 3*x(o). Let q(w) = 8*w**3. Let u be q(-1). Let r be h(u). Give y(r).
-2
Suppose 0 = 3*q + 3*w - 15, -2*q + 2*w + 8 = -2. Let g(y) = y**3 + y + 2. Let i(o) = -o**3 - 6*o**2 + o - 9. Let n(d) = 2*g(d) + i(d). Determine n(q).
-15
Let k = -17 - -9. Let a(g) be the first derivative of g**3/3 + 9*g**2/2 + 10*g + 37. Give a(k).
2
Suppose -5*q = 3*n - 83, 0 = 2*q - 0*n - 3*n - 29. Let l be (4 - 2)/(4/q*2). Let u(f) = -2*f - 1 + f**3 - 2 - 3*f**2 - 1. What is u(l)?
4
Let y = -203 - -208. Let i(o) be the first derivative of y*o - 1/3*o**3 + 5/2*o**2 + 2. Give i(6).
-1
Let k(p) = p**2 + 3*p + 6. Let x(h) = -h**2 + 3*h + 8. Let o be x(5). Let q be (5 + -1 + o)*-2. Determine k(q).
10
Suppose 0 = -3*t + 8*t - 15. Suppose 6*j = 2*j - 2*q + 68, -t*j + 54 = 3*q. Let y(d) = j - 5*d**2 - 2*d**3 - 13 + 3*d**3. Calculate y(5).
3
Let n(u) = -24 + 85 - u - 28 - 11 - u**2. Calculate n(0).
22
Let o(c) = -5*c - 1. Let r be 276/115 + 6/(-15). Give o(r).
-11
Let w(v) = 114 - 123 - 17*v + v**2 + 21*v. Determine w(-7).
12
Let q(b) = -b**2 - 13*b. Let f(w) = -2*w**2 - 29*w. Let m(t) = 4*f(t) - 9*q(t). Give m(-1).
0
Let l = 6 + 1. Let b(j) = 6*j - 12*j + l*j + 1. Calculate b(-6).
-5
Let o = 19 - 12. Let c be o - (0 + 2 - 1). Let i(n) = 0*n**3 + 7 - n**3 + 2*n**3 + 4*n - 7*n**2. Determine i(c).
-5
Suppose 0 = -d - 2*d. Let t(q) = -q + 1 - 4 + d*q + 2. Suppose -5*r = f + 2, -3*f = -7*f + 4*r + 16. What is t(f)?
-4
Let l(c) = -2*c**3 + c**2. Let b(t) = -3*t**3 - 4. Let p(g) = -b(g) + l(g). Calculate p(0).
4
Let y(w) = 9*w + 1. Let g = -342 - -344. Calculate y(g).
19
Let s be (252/(-24))/(2/4). Let q = -23 - s. Let g = q + -1. Let n(a) = -a**3 - 4*a**2 - 3*a + 1. Determine n(g).
1
Let h(u) = u**2 + 17*u + 71. Let j be h(-6). Let f(k) = -k**3 + 6*k**2 - 5*k - 5. Calculate f(j).
-5
Let p(q) be the first derivative of 3*q**4/2 + 2*q**3/3 + q**2/2 - 28. Give p(-1).
-5
Suppose -7*j = 5 - 19. Let l(m) = 3*m - j + 1 + 2*m - m. Calculate l(3).
11
Let w(z) = z + 9. Let l be w(-9). Let b(j) = 0 + j + 1 + 3. Determine b(l).
4
Let p(n) be the first derivative of -n**3/3 - 3*n**2 - 9*n - 40. Determine p(-6).
-9
Let p(v) be the second derivative of -1/6*v**4 + 8*v + 0*v**2 + v**3 + 0. Let t be ((-24)/(-9))/(4/6). Give p(t).
-8
Suppose -4*f + 134 = 4*l - 50, l = 2*f - 83. Suppose -4*c = f - 39. Let k(j) = -17*j + 1. Give k(c).
18
Let w = 56 + -48. Let m be 25/(-2)*w/(-20). Let n(x) = -13*x**2 + 4*x + 8. Let t(l) = 7*l**2 - 2*l - 4. Let z(c) = 6*n(c) + 11*t(c). What is z(m)?
-11
Let j(h) = -2*h**2 - 4*h - 4. Let n = -1 - -6. Let p be (2 - 3) + (n - -2). Let b = p - 9. What is j(b)?
-10
Let o(g) = -g + 30. Let h be o(22). Let s = h + -7. Let f(q) = -7*q + 1. What is f(s)?
-6
Let k(j) be the second derivative of j**4/12 - j**3/6 - j**2 + j + 51. Give k(-2).
4
Let w(i) 